{"id":389,"date":"2017-05-12T09:37:19","date_gmt":"2017-05-12T09:37:19","guid":{"rendered":"http:\/\/localhost\/themes\/upsurge\/?page_id=27"},"modified":"2022-07-07T05:41:47","modified_gmt":"2022-07-07T05:41:47","slug":"hold","status":"publish","type":"page","link":"https:\/\/tidtilyoga.laol.dk\/?page_id=389","title":{"rendered":"Hold"},"content":{"rendered":"\n<p class=\"has-black-color has-text-color has-medium-font-size\"><strong>Br\u00f8nsh\u00f8j<\/strong><\/p>\n\n\n\n<p class=\"has-black-color has-text-color has-medium-font-size\">Mandag kl. 17-18.30: Yoga for kvinder. Fysisk og\/eller online via Zoom&nbsp;<em><a href=\"https:\/\/tidtilyoga.dk\/?page_id=2\">l\u00e6s mere her<\/a><\/em><\/p>\n\n\n\n<p class=\"has-black-color has-text-color has-medium-font-size\">Mandag kl. 19-20.30: Yoga for m\u00e6nd&nbsp;<em><a href=\"https:\/\/tidtilyoga.dk\/?page_id=2\">l\u00e6s mere her<\/a><\/em><\/p>\n\n\n\n<p class=\"has-black-color has-text-color has-medium-font-size\"><br><\/p>\n\n\n\n<p><\/p>\n\n\n\n<p class=\"has-black-color has-text-color has-medium-font-size\"><strong>N\u00f8rrebro<\/strong><\/p>\n\n\n\n<p class=\"has-black-color has-text-color has-medium-font-size\">Onsdag kl. 8.30-9.30: KirkeYoga i Brorsons Kirke&nbsp;<em><a href=\"https:\/\/tidtilyoga.dk\/?page_id=57\">l\u00e6s mere her<\/a><\/em><\/p>\n\n\n\n<p class=\"has-black-color has-text-color has-medium-font-size\"><br><strong>R\u00f8dovre<\/strong><\/p>\n\n\n\n<p class=\"has-black-color has-text-color has-medium-font-size\">Onsdag kl. 10.50-12.20: Yoga for alle via AOF R\u00f8dovre\u00a0<em><a href=\"https:\/\/aof.dk\/kurser\/motion-og-bevaegelse\/yoga-og-meditation\/aof-rodovre-afd-20\/7222204738\/hatha-yoga\/29891\/\" target=\"_blank\" rel=\"noreferrer noopener\">l\u00e6s mere her<\/a><\/em><\/p>\n\n\n\n<p class=\"has-black-color has-text-color has-medium-font-size\">Onsdag kl. 12.30-14: Yoga for alle via AOF R\u00f8dovre\u00a0<em><a href=\"https:\/\/aof.dk\/kurser\/motion-og-bevaegelse\/yoga-og-meditation\/aof-rodovre-afd-20\/7222204739\/hatha-yoga\/29892\/\">l\u00e6s mere her<\/a><\/em><\/p>\n\n\n\n<p class=\"has-black-color has-text-color has-medium-font-size\"><br><strong>Bellah\u00f8j<\/strong><\/p>\n\n\n\n<p class=\"has-black-color has-text-color has-medium-font-size\">Torsdag kl. 8.30-9.30: KirkeYoga i Bellah\u00f8j Kirke&nbsp;<em><a href=\"https:\/\/tidtilyoga.dk\/?page_id=57\">l\u00e6s mere her<\/a><\/em><\/p>\n\n\n\n<p class=\"has-black-color has-text-color has-medium-font-size\">Torsdag kl. 10-11: KirkeYoga i Bellah\u00f8j Kirke&nbsp;<em><a href=\"https:\/\/tidtilyoga.dk\/?page_id=57\">l\u00e6s mere her<\/a><\/em><\/p>\n\n\n\n<p class=\"has-black-color has-text-color has-medium-font-size\">Fredag: kl. 8.30-9.30: KirkeYoga i Bellah\u00f8j Kirke&nbsp;<em><a href=\"https:\/\/tidtilyoga.dk\/?page_id=57\">l\u00e6s mere her<\/a><\/em><\/p>\n\n\n\n<p class=\"has-black-color has-text-color has-medium-font-size\"><\/p>\n\n\n\n<p><\/p>\n\n\n\n<p><\/p>\n\n\n\n<p class=\"has-black-color has-text-color has-medium-font-size\">Har du sp\u00f8rgsm\u00e5l til holdene, tilmelding, osv. s\u00e5 kontakt mig: <\/p>\n\n\n\n<p class=\"has-black-color has-text-color has-medium-font-size\">Email: hanna.smidt@gmail.com<br>Telefon: 3082 4663<\/p>\n","protected":false},"excerpt":{"rendered":"<p>Br\u00f8nsh\u00f8j Mandag kl. 17-18.30: Yoga for kvinder. Fysisk og\/eller online via Zoom&nbsp;l\u00e6s mere her Mandag kl. 19-20.30: Yoga for m\u00e6nd&nbsp;l\u00e6s mere her N\u00f8rrebro Onsdag kl. 8.30-9.30: KirkeYoga i Brorsons Kirke&nbsp;l\u00e6s mere her R\u00f8dovre Onsdag kl. 10.50-12.20: Yoga for alle via AOF R\u00f8dovre\u00a0l\u00e6s mere her Onsdag kl. 12.30-14: Yoga for alle via AOF R\u00f8dovre\u00a0l\u00e6s mere her<br \/><a class=\"btn btn-tislider blog-readmore\" href=\"https:\/\/tidtilyoga.laol.dk\/?page_id=389\">Read More<\/a><\/p>\n","protected":false},"author":1,"featured_media":0,"parent":0,"menu_order":0,"comment_status":"closed","ping_status":"closed","template":"","meta":{"footnotes":""},"class_list":["post-389","page","type-page","status-publish","hentry"],"_links":{"self":[{"href":"https:\/\/tidtilyoga.laol.dk\/index.php?rest_route=\/wp\/v2\/pages\/389","targetHints":{"allow":["GET"]}}],"collection":[{"href":"https:\/\/tidtilyoga.laol.dk\/index.php?rest_route=\/wp\/v2\/pages"}],"about":[{"href":"https:\/\/tidtilyoga.laol.dk\/index.php?rest_route=\/wp\/v2\/types\/page"}],"author":[{"embeddable":true,"href":"https:\/\/tidtilyoga.laol.dk\/index.php?rest_route=\/wp\/v2\/users\/1"}],"replies":[{"embeddable":true,"href":"https:\/\/tidtilyoga.laol.dk\/index.php?rest_route=%2Fwp%2Fv2%2Fcomments&post=389"}],"version-history":[{"count":21,"href":"https:\/\/tidtilyoga.laol.dk\/index.php?rest_route=\/wp\/v2\/pages\/389\/revisions"}],"predecessor-version":[{"id":564,"href":"https:\/\/tidtilyoga.laol.dk\/index.php?rest_route=\/wp\/v2\/pages\/389\/revisions\/564"}],"wp:attachment":[{"href":"https:\/\/tidtilyoga.laol.dk\/index.php?rest_route=%2Fwp%2Fv2%2Fmedia&parent=389"}],"curies":[{"name":"wp","href":"https:\/\/api.w.org\/{rel}","templated":true}]}}